{"id":17,"date":"2010-12-05T15:30:13","date_gmt":"2010-12-05T15:30:13","guid":{"rendered":"http:\/\/localhost:8888\/htdocs\/www.develos-design.de\/wordpress\/?page_id=17"},"modified":"2023-10-09T15:59:19","modified_gmt":"2023-10-09T15:59:19","slug":"about-2","status":"publish","type":"page","link":"https:\/\/develos-design.de\/?page_id=17","title":{"rendered":"About"},"content":{"rendered":"<p><strong>Dipl. Des. Christian B\u00f6hme<\/strong><\/p>\n<p>ist seit 2006 Inhaber und kreativer Kopf von Develos Design aus Leipzig.<\/p>\n<p>Er war Gesellschafter der Innovative Mobility Automobile GmbH und verantwortete von 2008 bis 2016 den Designbereich.<\/p>\n<p>\u2014<br \/>\n2006 Diplom bei Prof. Heiko Bartels &amp; Dipl. Des Hendrik L\u00fchrs (Wing Ship)<br \/>\n2000\u20142006 Studium Produktdesign an der Bauhaus-Universit\u00e4t Weimar<br \/>\n2005 Design-Praktikum bei BMW AG, M\u00fcnchen (Interiordesign\/Lenkrad)<\/p>\n<p><strong>\u00dcber mich<\/strong><\/p>\n<p>F\u00fcr mich stehen l\u00f6sungsorientiertes Arbeiten und Zuverl\u00e4ssigkeit an erster Stelle. Mit dem Fachwissen und der Erfahrung aus meinen umfangreichen Projekten berate und betreue ich meine Auftraggeber von der Konzeption \u00fcber den Entwurf bis zur Umsetzung.<\/p>\n<p><img loading=\"lazy\" decoding=\"async\" class=\"alignleft wp-image-383 size-full\" src=\"https:\/\/develos-design.de\/wp-content\/uploads\/2013\/09\/me001.jpg\" alt=\"CB\" width=\"456\" height=\"693\" srcset=\"https:\/\/develos-design.de\/wp-content\/uploads\/2013\/09\/me001.jpg 456w, https:\/\/develos-design.de\/wp-content\/uploads\/2013\/09\/me001-197x300.jpg 197w\" sizes=\"(max-width: 456px) 100vw, 456px\" \/><\/p>\n","protected":false},"excerpt":{"rendered":"<p>Dipl. Des. Christian B\u00f6hme ist seit 2006 Inhaber und kreativer Kopf von Develos Design aus Leipzig. Er war Gesellschafter der Innovative Mobility Automobile GmbH und verantwortete von 2008 bis 2016 den Designbereich. \u2014 2006 Diplom bei Prof. Heiko Bartels &amp; &hellip; <a href=\"https:\/\/develos-design.de\/?page_id=17\">Weiterlesen <span class=\"meta-nav\">&rarr;<\/span><\/a><\/p>\n","protected":false},"author":1,"featured_media":0,"parent":0,"menu_order":1,"comment_status":"closed","ping_status":"closed","template":"black-pages.php","meta":{"footnotes":""},"_links":{"self":[{"href":"https:\/\/develos-design.de\/index.php?rest_route=\/wp\/v2\/pages\/17"}],"collection":[{"href":"https:\/\/develos-design.de\/index.php?rest_route=\/wp\/v2\/pages"}],"about":[{"href":"https:\/\/develos-design.de\/index.php?rest_route=\/wp\/v2\/types\/page"}],"author":[{"embeddable":true,"href":"https:\/\/develos-design.de\/index.php?rest_route=\/wp\/v2\/users\/1"}],"replies":[{"embeddable":true,"href":"https:\/\/develos-design.de\/index.php?rest_route=%2Fwp%2Fv2%2Fcomments&post=17"}],"version-history":[{"count":23,"href":"https:\/\/develos-design.de\/index.php?rest_route=\/wp\/v2\/pages\/17\/revisions"}],"predecessor-version":[{"id":874,"href":"https:\/\/develos-design.de\/index.php?rest_route=\/wp\/v2\/pages\/17\/revisions\/874"}],"wp:attachment":[{"href":"https:\/\/develos-design.de\/index.php?rest_route=%2Fwp%2Fv2%2Fmedia&parent=17"}],"curies":[{"name":"wp","href":"https:\/\/api.w.org\/{rel}","templated":true}]}}